25 a multiple of 16?
False
Is 40 a factor of 4200?
True
Is 375 a multiple of 12?
False
Is 30035 a multiple of 6?
False
Is 16 a factor of 448?
True
Is 17 a factor of 12886?
True
Is 32 a factor of 4316?
False
Is 1567 even?
False
Is 12544 a multiple of 16?
True
Does 16 divide 143?
False
Does 6 divide 1902?
True
Is 15 a factor of 3540?
True
Is 11 a factor of 726?
True
Is 1926 a multiple of 16?
False
Does 34 divide 3377?
False
Is 2744 a multiple of 69?
False
Does 13 divide 10595?
True
Does 103 divide 412?
True
Is 3 a factor of 57?
True
Is 23 a factor of 5359?
True
Is 10 a factor of 1760?
True
Is 5 a factor of 341?
False
Is 9 a factor of 28?
False
Is 2063 a multiple of 33?
False
Is 180 a factor of 14143?
False
Is 330 a multiple of 30?
True
Is 308 a multiple of 2?
True
Is 378 a multiple of 9?
True
Is 52 a factor of 11110?
False
Does 57 divide 59654?
False
Is 1012 a multiple of 46?
True
Is 17 a factor of 3264?
True
Is 13 a factor of 48097?
False
Is 22 a factor of 2354?
True
Is 56 a factor of 2072?
True
Does 40 divide 2280?
True
Is 39 a factor of 585?
True
Is 5709 a multiple of 38?
False
Does 8 divide 1088?
True
Is 43 a factor of 2924?
True
Is 6 a factor of 1600?
False
Is 5 a factor of 255?
True
Is 2605 a multiple of 26?
False
Does 331 divide 25818?
True
Is 70 a factor of 490?
True
Is 22 a factor of 730?
False
Is 19422 a multiple of 18?
True
Does 3 divide 210?
True
Is 189 a multiple of 9?
True
Does 9 divide 1548?
True
Does 29 divide 2644?
False
Does 3 divide 43?
False
Is 437 a multiple of 3?
False
Is 25 a multiple of 25?
True
Is 5649 a multiple of 123?
False
Does 17 divide 14693?
False
Is 63630 a multiple of 10?
True
Does 10 divide 1170?
True
Does 2 divide 120?
True
Is 1122 a multiple of 17?
True
Is 2 a factor of 5498?
True
Is 208 a multiple of 13?
True
Is 230 a factor of 4509?
False
Is 6 a factor of 138?
True
Is 1440 a multiple of 13?
False
Is 15171 a multiple of 42?
False
Does 55 divide 87780?
True
Does 17 divide 112884?
False
Is 3397 a multiple of 76?
False
Does 25 divide 64?
False
Does 127 divide 4191?
True
Does 26 divide 22126?
True
Is 10 a factor of 1980?
True
Is 7 a factor of 119?
True
Is 8 a factor of 168?
True
Is 34 a factor of 4619?
False
Is 245 a multiple of 10?
False
Is 12 a factor of 42?
False
Is 136 a multiple of 8?
True
Does 5 divide 1230?
True
Does 14 divide 910?
True
Is 15 a factor of 99844?
False
Does 21 divide 50110?
False
Is 12 a factor of 1014?
False
Is 31885 a multiple of 62?
False
Is 7 a factor of 196?
True
Is 34 a factor of 136?
True
Does 8 divide 2630?
False
Is 485 a multiple of 31?
False
Is 2 a factor of 155?
False
Is 3268 a multiple of 19?
True
Is 660 a multiple of 33?
True
Is 33 a factor of 7920?
True
Does 9 divide 115?
False
Is 60054 a multiple of 6?
True
Does 13 divide 447?
False
Is 7 a factor of 67716?
False
Is 75 a factor of 150?
True
Is 79952 a multiple of 263?
True
Does 67 divide 9066?
False
Is 13465 a multiple of 5?
True
Is 10 a factor of 1488?
False
Does 25 divide 31925?
True
Does 13 divide 2885?
False
Is 16213 a multiple of 31?
True
Is 9988 a multiple of 44?
True
Is 21 a factor of 4198?
False
Does 7 divide 130?
False
Does 27 divide 45036?
True
Is 11 a factor of 13915?
True
Is 2 a factor of 319?
False
Is 5 a factor of 1182?
False
Is 2236 even?
True
Is 345 a factor of 20700?
True
Is 1240 a multiple of 5?
True
Does 144 divide 113016?
False
Is 2871 a multiple of 87?
True
Does 125 divide 2000?
True
Is 977 a multiple of 59?
False
Is 98 a factor of 41356?
True
Is 57 a factor of 3527?
False
Is 102 a factor of 19409?
False
Does 90 divide 726?
False
Is 115290 a multiple of 21?
True
Is 20696 a multiple of 52?
True
Does 5 divide 2010?
True
Is 60080 a multiple of 80?
True
Does 2 divide 270?
True
Is 4939 a multiple of 198?
False
Is 24 a factor of 24528?
True
Is 237 a factor of 73470?
True
Is 216 a multiple of 9?
True
Does 4 divide 1936?
True
Is 14 a factor of 22316?
True
Does 35 divide 3570?
True
Does 36 divide 396?
True
Is 55 a factor of 358?
False
Does 19 divide 9363?
False
Does 366 divide 132069?
False
Does 13 divide 312?
True
Does 11 divide 314?
False
Does 31 divide 31338?
False
Is 1623 a multiple of 4?
False
Does 11 divide 4334?
True
Does 4 divide 2838?
False
Does 3 divide 110?
False
Is 696 a multiple of 58?
True
Is 18 a factor of 158369?
False
Is 924 a multiple of 10?
False
Is 21557 a multiple of 147?
False
Does 67 divide 109825?
False
Does 53 divide 430?
False
Is 8 a factor of 16710?
False
Is 25 a factor of 1500?
True
Is 75 a factor of 6289?
False
Is 15291 a multiple of 42?
False
Does 10 divide 589?
False
Does 96 divide 15845?
False
Is 295 a factor of 53065?
False
Is 117 a factor of 2399?
False
Is 11 a factor of 437?
False
Is 41 a factor of 35219?
True
Is 1040 a multiple of 8?
True
Is 424 a multiple of 53?
True
Does 3 divide 327?
True
Is 12804 even?
True
Is 10 a factor of 6280?
True
Is 22485 a multiple of 278?
False
Does 17 divide 27914?
True
Is 13 a factor of 1209?
True
Does 5 divide 72?
False
Is 12 a factor of 1920?
True
Is 11 a factor of 7415?
False
Does 69 divide 8756?
False
Does 60 divide 2580?
True
Is 13 a factor of 368?
False
Is 29 a factor of 783?
True
Is 9 a factor of 468?
True
Does 12 divide 840?
True
Is 49 a factor of 686?
True
Is 312 a multiple of 14?
False
Does 95 divide 23750?
True
Is 24 a factor of 30739?
False
Is 6 a factor of 25116?
True
Does 15 divide 6890?
False
Does 17 divide 2703?
True
Is 9019 a multiple of 21?
False
Is 22 a factor of 66827?
False
Does 41 divide 120745?
True
Is 47 a factor of 1017?
False
Is 90 a multiple of 12?
False
Is 21605 a multiple of 145?
True
Is 5671 a multiple of 79?
False
Is 21 a factor of 2499?
True
Is 53 a factor of 42983?
True
Is 1772 a multiple of 4?
True
Is 140 a factor of 16660?
True
Is 6239 a multiple of 112?
False
Is 31 a factor of 282?
False
Is 253 a factor of 3628?
False
Is 17164 a multiple of 92?
False
Does 59 divide 3927?
False
Is 28353 a multiple of 23?
False
Is 6 a factor of 945?
False
Is 510 a multiple of 34?
True
Does 17 divide 383?
False
Is 72 a factor of 9648?
True
Is 3630 a multiple of 30?
True
Is 556 a multiple of 20?
False
Does 65 divide 5490?
False
Is 524 a multiple of 24?
False
Does 18 divide 385?
False
Is 35 a factor of 20288?
False
Is 14 a factor of 3570?
True
Is 5654 a multiple of 82?
False
Is 13494 a multiple of 39?
True
Is 9 a factor of 2340?
True
Does 32 divide 736?
True
Is 47 a factor of 1504?
True
Is 16 a factor of 1888?
True
Is 6 a factor of 75?
False
Is 7566 a multiple of 13?
True
Is 5 a factor of 665?
True
Is 5600 a multiple of 200?
True
Does 2 divide 6358?
True
Is 64 a factor of 47552?
True
Does 29 divide 58?
True
Is 6 a factor of 390?
True
Does 6 divide 330?
True
Does 18 divide 1080?
True
Does 12 divide 5580?
True
Is 1890 a multiple of 35?
True
Is 12136 a multiple of 10?
False
Does 19 divide 13965?
True
Does 16 divide 11007?
False
Is 13387 a multiple of 11?
True
Is 7 a factor of 6671?
True
Is 34303 a multiple of 10?
False
Is 19 a factor of 6973?
True
Is 3 a factor of 4905?
True
Does 28 divide 40096?
True
Is 5 a factor of 388?
False
Is 124 a multiple of 16?
False
Is 116 a multiple of 58?
True
Does 13 divide 5291?
True
Does 30 divide 30420?
True
Is 3572 a multiple of 76?
True
Does 20 divide 1239?
False
Is 21516 a multiple of 33?
True
Is 30 a factor of 1122?
False
Is 11 a factor of 561?
True
Does 80 divide 34720?
True
Is 224 a factor of 47289?
False
Is 54857 a multiple of 42?
False
Is 1015 a multiple of 22?
False
Is 14 a factor of 93?
False
Is 4 a factor of 20?
True
Is 15984 a multiple of 48?
True
Is 5818 a multiple of 3?
False
Is 18520 a multiple of 9?
False
Is 14978 a multiple of 56?
False
Is 5344 a multiple of 8?
True
Is 216 a factor of 5400?
True
Is 2016 a multiple of 15?
False
Does 22 divide 191?
False
Is 49 a factor of 716?
False
Is 21 a factor of 357?
True
Is 6290 a multiple of 23?
False
Is 208 a multiple of 104?
True
Is 4 a factor of 412?
True
Is 13 a factor of 382?
False
Does 87 divide 30798?
True
Is 17710 a multiple of 10?
True
Does 134 divide 670?
True
Does 62 divide 4429?
False
Is 84 a factor of 6450?
False
Is 148 a multiple of 74?
True
Does 119 divide 9758?
True
Is 21040 a multiple of 40?
True
Is 4264 even?
True
Does 40 divide 9725?
False
Does 14 divide 1582?
True
Does 10 divide 250?
True
Does 8 divide 2344?
True
Is 30 a facto